r = 2*s - r - m. What are the prime factors of s?
3
Let v be 28/(3 - 1) - -3. Let q be (-4 + 1)/(9/(-6)). Suppose q*u - v = 1. List the prime factors of u.
3
Let p be 53/7 - (-3)/7. Suppose -3*r + p*r = 35. What are the prime factors of r?
7
Suppose -3*y + 3*l + 84 = 0, -5*y - 2*l - 20 + 174 = 0. What are the prime factors of y?
2, 3, 5
Let w be ((-111)/(-4))/(3/8). Suppose 2*d - w = -3*d + 3*g, -3*g = -2*d + 35. List the prime factors of d.
13
Suppose v = -4*v + 5. Suppose v = 2*a - 5. Suppose -2*m - 16 = -3*m - 3*z, a*z + 14 = 2*m. List the prime factors of m.
2, 5
Let m be (-2 - 1)/((-1)/(-3)). Let s be 3/(3 + 0) - 21. Let l = m - s. What are the prime factors of l?
11
Suppose -5*x + 9 + 16 = 0. Let f = x + -3. List the prime factors of f.
2
Let a be -6 + 6 + (1 - 0). Let h be (-10)/(-3 + a) - 3. What are the prime factors of 0 - (6 + h)/(-2)?
2
Suppose -5*g - 4*m = -25, g - 3*m - 5 = -0*g. Suppose 5*a = 4*a + 1. Let w = g + a. List the prime factors of w.
2, 3
Suppose -3*w = -102 - 213. List the prime factors of w.
3, 5, 7
Let s(r) be the first derivative of -r**4/4 - 7*r**3/3 + 3*r - 1. List the prime factors of s(-7).
3
Suppose b + 176 = 5*c, -2*c + 2*b = -6*c + 152. List the prime factors of c.
2, 3
Let o(r) = -r**2 - 6*r + 2. Suppose 3*b - 4*i + 6 = 0, 2*b - 5*i + 3 = -b. Let p be o(b). Suppose -2*a + p = -4. What are the prime factors of a?
3
Let d(c) be the second derivative of c**4/6 + 4*c**3/3 - c**2 + 5*c. What are the prime factors of d(-6)?
2, 11
Suppose 3*g - 25 - 128 = 0. List the prime factors of g.
3, 17
Suppose -3*k - 2*w = -131, -4*k + 3*w + 213 = -2*w. Let i = -32 + k. List the prime factors of i.
3, 5
Suppose 0*u + u = 2*z + 66, 0 = -5*u - z + 385. List the prime factors of u.
2, 19
Suppose -2*n + 614 + 84 = 0. What are the prime factors of n?
349
Suppose 4*m + 26 = j, -3*m - 96 = -2*j - 3*j. Let w = j + -3. Suppose -5*y + 15 = -2*x, 0*y = 2*y + x - w. What are the prime factors of y?
5
Suppose -6*g - 107 = -1271. What are the prime factors of g?
2, 97
Let m = -5 + 10. Suppose 0 = m*q + t + 3*t - 68, -2*q + 5*t = -14. What are the prime factors of q?
2, 3
Let w(y) = -4*y + 8. What are the prime factors of w(-1)?
2, 3
Suppose 0*p + 5*p = -2*m + 259, -2*p = 3*m - 108. List the prime factors of p.
3, 17
Let o(j) be the first derivative of j**3/3 - 3*j**2/2 + j + 3. List the prime factors of o(-5).
41
Suppose -1 = -4*u + 3*a, -3*u + 0*a - 2*a - 12 = 0. Suppose 0 = t - 2*t. What are the prime factors of 7 - t - (-2)/u?
2, 3
Let t(h) be the third derivative of -h**6/120 - h**5/30 - h**4/24 - 2*h**3/3 + 2*h**2. Let f be t(-3). What are the prime factors of (1*3)/(12/f)?
2
Let p = -10 - -6. Let q(h) = h**3. Let m(b) = -3*b**3 + 3*b**2 - 2*b - 2. Let y(l) = -m(l) - 4*q(l). What are the prime factors of y(p)?
2, 5
Let d = 65 - 31. List the prime factors of d.
2, 17
Suppose y + 0 = 5. Suppose 0 = y*p - 13 - 2. What are the prime factors of p?
3
Let m = -22 + 14. Let q = m - -3. Let a = q - -11. What are the prime factors of a?
2, 3
Suppose 4*g - 428 = -5*q, 5*g + 2*q - 55 - 463 = 0. List the prime factors of g.
2, 3, 17
Let u(s) = 3*s - 4. What are the prime factors of u(9)?
23
Let k = 185 - 95. What are the prime factors of k?
2, 3, 5
Let k = -112 + 202. List the prime factors of k.
2, 3, 5
Let t = 43 + -26. Let q be 3/(-1) + (-3 - -1). Let u = t + q. List the prime factors of u.
2, 3
Let z(s) = 2*s - 3. Let a be z(4). Suppose -l + 6 = 5*r, l + 24 = 5*l + a*r. Suppose -3*j = -l, -3*o = -7*o - 3*j + 46. List the prime factors of o.
2, 5
What are the prime factors of (-9)/(-2)*(-110)/(-33)?
3, 5
Let j(s) = s**2 + 5*s - 2. What are the prime factors of j(-10)?
2, 3
List the prime factors of (-5*(-40)/12)/((-3)/(-45)).
2, 5
Let f = 17 + -11. Suppose 0 = -3*o + 6 + f. List the prime factors of 45/o - (-3)/(-12).
11
Let x(o) be the second derivative of o**5/20 - 5*o**4/12 - 5*o**3/6 + 3*o**2 - o. Let c = 4 - -2. What are the prime factors of x(c)?
2, 3
Suppose -20 = -4*i - 56. Let o(k) = -k**3 - 10*k**2 - 10*k - 3. Let j be o(i). Suppose 0*b - j = -b. List the prime factors of b.
2, 3
Let m be (16/(-10))/(4/20). Let v = 5 + m. What are the prime factors of (-39)/(-5) - v/15?
2
Let g(j) = 2*j + 42. What are the prime factors of g(-8)?
2, 13
Let z be 1/(0 + (-1)/(-5)). Suppose -5 = z*t, 0*s + 2*t = -2*s + 36. List the prime factors of s.
19
Let n = 3 + 2. Suppose -2*q + 94 = 3*q + 2*w, 2*q = -n*w + 25. What are the prime factors of q?
2, 5
Let l(d) = 3*d**2 + 2*d**3 - d**3 - 14 + 5*d**2 + 2*d**2. Let n be l(-10). Let c = 0 - n. What are the prime factors of c?
2, 7
Let w = 126 + -88. List the prime factors of w.
2, 19
Let p = -3 + 5. Suppose 3*i - 7 = 2*y, -5*i = 5*y + p + 3. Suppose i + 4 = n. What are the prime factors of n?
5
Let f = 5 - 77. Let u = -48 - f. What are the prime factors of u?
2, 3
Let h be 9/4*(-8)/(-3). Let y be (-1 + 15/h)*2. Suppose g = 2*r + 8, -3*g + r + 28 = -y*r. List the prime factors of g.
2, 3
Let n(w) = -5*w**2 - 4*w - 4. Let k(v) = -54*v**2 - 45*v - 45. Let d be (0 + 1 - -1) + -47. Let o(z) = d*n(z) + 4*k(z). List the prime factors of o(-1).
3
Let z(q) = -1. Let i(m) = -m + 11. Let d(r) = i(r) - 4*z(r). List the prime factors of d(0).
3, 5
Suppose s - 2*s - 1209 = -5*d, -5*d + 4*s = -1221. List the prime factors of d.
241
Let q = 30 - 7. List the prime factors of q.
23
List the prime factors of 2/(-8)*-2*32.
2
Suppose -4*u = 3*b - 21, 1 = -b - 0. List the prime factors of (-1)/u - 67/(-6).
11
Let b be (-33)/6 + 1/2. Let o = 7 + b. List the prime factors of -22*(2 - 5/o).
11
Let w be -1 + 2 + -3 - -2. Suppose -3*i - 22 = -2*h - 2*i, h + 4*i - 20 = w. Suppose 0*a - h = -2*a. What are the prime factors of a?
2, 3
Let u(l) = l**3 + 6*l**2 - l - 8. Let x be u(-6). List the prime factors of (-21)/x*(-12)/(-18).
7
Let l = -71 - -125. What are the prime factors of l?
2, 3
Let t = -9 - -10. Let x = t - -3. What are the prime factors of x?
2
Suppose 4*b + 4*s - 29 = 3, 2*s = 4*b - 26. Suppose 3 = p - b. What are the prime factors of p?
2, 5
Let i(z) = z**3 + 8*z**2 + 3*z - 1. List the prime factors of i(-6).
53
Suppose -24 = -5*z + 1. Suppose -14 + 4 = -z*a. List the prime factors of a.
2
Suppose 0 = 2*m + 2 + 4. List the prime factors of 10 + m/((-3)/2).
2, 3
Let o = 69 + -36. List the prime factors of o.
3, 11
Let q = -1 - -1. Suppose 2*k + 5 = -11. What are the prime factors of 4/k*(q + -16)?
2
Suppose 0 = -c + s + 9 - 0, -2*s + 2 = 3*c. Suppose -6 = c*n - 34. What are the prime factors of n?
7
Suppose 0*i + 4*i = 4*y - 352, y - 3*i = 92. Suppose j - 39 = -3*t, -2*t = -4*j - 0*t + y. What are the prime factors of j?
2, 3
Suppose -63 = 4*x - 271. What are the prime factors of x?
2, 13
Let g(a) = -8*a - 3. Let k(s) = -16*s - 7. Let b(w) = -5*g(w) + 2*k(w). What are the prime factors of b(1)?
3
Let t = 81 - 30. What are the prime factors of t?
3, 17
Suppose -6*w + w - 30 = 0. Let o(g) be the second derivative of -g**4/12 - 4*g**3/3 - g**2 - g. List the prime factors of o(w).
2, 5
Suppose -13*o = -8*o - 505. List the prime factors of o.
101
Let p = 10 - 6. Suppose -4*q - 2*j + p = 0, -3*q - 35 = -8*q + 5*j. Suppose -w = -q*w + 12. What are the prime factors of w?
2, 3
What are the prime factors of 109/2 + 27/(-54)?
2, 3
What are the prime factors of (-8)/(-24) - (-143)/3?
2, 3
Suppose -v - 2*i = -51, -6*i + i = -15. What are the prime factors of v?
3, 5
Suppose 0*j - 3*j = 3*l - 147, 0 = -3*j + 6. What are the prime factors of l?
47
Let d(s) = s + 8. Suppose -41 = -4*n - 5. What are the prime factors of d(n)?
17
Let m = 2 + 38. Suppose -2*g + l + m = -0*g, 4*l = 3*g - 50. List the prime factors of g.
2, 11
Let x(v) = 223*v**3 + 63*v**3 + 1 + v**2 + 2*v - 64*v**3. Let b be x(-1). What are the prime factors of (-2)/9 + b/(-27)?
2
Let k(g) = -2*g - 2. Let z be k(-3). List the prime factors of -4 + z - (-11)/1.
11
Suppose -5*g - 2*g = -679. What are the prime factors of g?
97
Let r be -4 + 99 + 0/1. Suppose -2*j - 1 = -5, 3*f = 2*j + r. Suppose -f = -2*d + 3*c, 7*d - 3*d = -c + 31. List the prime factors of d.
3
Suppose -4*u + 9 = 3*b, 3*u + 2 = 2*b - 4. Suppose -5*f - 4*k - 12 = 0, -f + 4*k - 4 - 8 = u. Let g = f + 10. What are the prime factors of g?
2, 3
Let g(z) = -2*z**3 - z - 1. Let a be g(-1). Suppose a*h + 1 - 